e prime factors of 27696.
2, 3, 577
List the prime factors of 7319.
13, 563
What are the prime factors of 16729?
16729
What are the prime factors of 18366?
2, 3, 3061
What are the prime factors of 14342?
2, 71, 101
List the prime factors of 3012.
2, 3, 251
List the prime factors of 43117.
43117
List the prime factors of 40025.
5, 1601
What are the prime factors of 33105?
3, 5, 2207
What are the prime factors of 148523?
19, 7817
What are the prime factors of 10111?
10111
List the prime factors of 95263.
7, 31, 439
List the prime factors of 12103.
7, 13, 19
List the prime factors of 2745.
3, 5, 61
What are the prime factors of 1580?
2, 5, 79
List the prime factors of 72948.
2, 3, 6079
List the prime factors of 71928.
2, 3, 37
List the prime factors of 128.
2
List the prime factors of 8442.
2, 3, 7, 67
What are the prime factors of 2044?
2, 7, 73
What are the prime factors of 4569?
3, 1523
What are the prime factors of 1011?
3, 337
What are the prime factors of 58671?
3, 41, 53
List the prime factors of 25334.
2, 53, 239
What are the prime factors of 1244?
2, 311
List the prime factors of 1588.
2, 397
What are the prime factors of 1150?
2, 5, 23
List the prime factors of 38239.
38239
What are the prime factors of 1089?
3, 11
List the prime factors of 2073.
3, 691
What are the prime factors of 759?
3, 11, 23
What are the prime factors of 11282?
2, 5641
List the prime factors of 31319.
31319
What are the prime factors of 98?
2, 7
What are the prime factors of 36631?
7, 5233
What are the prime factors of 3317?
31, 107
List the prime factors of 640.
2, 5
What are the prime factors of 11578?
2, 7, 827
What are the prime factors of 56708?
2, 14177
What are the prime factors of 348?
2, 3, 29
List the prime factors of 765.
3, 5, 17
List the prime factors of 390.
2, 3, 5, 13
List the prime factors of 13616.
2, 23, 37
What are the prime factors of 61711?
13, 47, 101
List the prime factors of 16172.
2, 13, 311
What are the prime factors of 724?
2, 181
List the prime factors of 2321.
11, 211
What are the prime factors of 17635?
5, 3527
List the prime factors of 11575.
5, 463
List the prime factors of 51984.
2, 3, 19
List the prime factors of 341.
11, 31
List the prime factors of 16736.
2, 523
What are the prime factors of 3489?
3, 1163
What are the prime factors of 29467?
79, 373
What are the prime factors of 81615?
3, 5, 5441
What are the prime factors of 292?
2, 73
List the prime factors of 91.
7, 13
List the prime factors of 6154.
2, 17, 181
What are the prime factors of 3739?
3739
What are the prime factors of 51092?
2, 53, 241
List the prime factors of 6692.
2, 7, 239
What are the prime factors of 1513?
17, 89
List the prime factors of 8660.
2, 5, 433
List the prime factors of 3250.
2, 5, 13
What are the prime factors of 85267?
7, 13, 937
List the prime factors of 26943.
3, 7, 1283
What are the prime factors of 1404?
2, 3, 13
What are the prime factors of 102500?
2, 5, 41
List the prime factors of 7097.
47, 151
List the prime factors of 48823.
48823
What are the prime factors of 22316?
2, 7, 797
List the prime factors of 2119.
13, 163
List the prime factors of 362.
2, 181
List the prime factors of 86.
2, 43
List the prime factors of 466.
2, 233
What are the prime factors of 123867?
3, 13763
List the prime factors of 775.
5, 31
List the prime factors of 1235.
5, 13, 19
What are the prime factors of 32811?
3, 10937
List the prime factors of 13335.
3, 5, 7, 127
What are the prime factors of 17358?
2, 3, 11, 263
List the prime factors of 20398.
2, 7, 31, 47
What are the prime factors of 133660?
2, 5, 41, 163
What are the prime factors of 63308?
2, 7, 17, 19
What are the prime factors of 532?
2, 7, 19
What are the prime factors of 10108?
2, 7, 19
List the prime factors of 37810.
2, 5, 19, 199
List the prime factors of 17074.
2, 8537
List the prime factors of 279.
3, 31
List the prime factors of 38470.
2, 5, 3847
What are the prime factors of 92302?
2, 7, 19, 347
What are the prime factors of 9590?
2, 5, 7, 137
List the prime factors of 395.
5, 79
List the prime factors of 3264.
2, 3, 17
List the prime factors of 1186.
2, 593
List the prime factors of 77221.
31, 47, 53
What are the prime factors of 93975?
3, 5, 7, 179
What are the prime factors of 171214?
2, 85607
List the prime factors of 12941.
12941
What are the prime factors of 225?
3, 5
List the prime factors of 2635.
5, 17, 31
What are the prime factors of 14366?
2, 11, 653
What are the prime factors of 5703?
3, 1901
List the prime factors of 4747.
47, 101
What are the prime factors of 139?
139
What are the prime factors of 3724?
2, 7, 19
What are the prime factors of 2942?
2, 1471
List the prime factors of 2300.
2, 5, 23
What are the prime factors of 21072?
2, 3, 439
List the prime factors of 1553.
1553
List the prime factors of 6628.
2, 1657
List the prime factors of 179344.
2, 11, 1019
List the prime factors of 8693.
8693
List the prime factors of 11463.
3, 3821
What are the prime factors of 352?
2, 11
What are the prime factors of 2062?
2, 1031
List the prime factors of 138298.
2, 69149
What are the prime factors of 391?
17, 23
What are the prime factors of 2309?
2309
What are the prime factors of 181675?
5, 13, 43
List the prime factors of 1519.
7, 31
What are the prime factors of 23976?
2, 3, 37
What are the prime factors of 119374?
2, 17, 3511
What are the prime factors of 4862?
2, 11, 13, 17
What are the prime factors of 824?
2, 103
What are the prime factors of 43586?
2, 19, 31, 37
List the prime factors of 963.
3, 107
List the prime factors of 355.
5, 71
What are the prime factors of 706?
2, 353
What are the prime factors of 3234?
2, 3, 7, 11
List the prime factors of 2397.
3, 17, 47
What are the prime factors of 615?
3, 5, 41
List the prime factors of 839.
839
What are the prime factors of 3747?
3, 1249
What are the prime factors of 623?
7, 89
List the prime factors of 45622.
2, 22811
What are the prime factors of 34121?
149, 229
List the prime factors of 26182.
2, 13, 19, 53
What are the prime factors of 16526?
2, 8263
What are the prime factors of 7599?
3, 17, 149
What are the prime factors of 1685?
5, 337
List the prime factors of 14848.
2, 29
What are the prime factors of 10229?
53, 193
List the prime factors of 1457.
31, 47
What are the prime factors of 11592?
2, 3, 7, 23
List the prime factors of 377.
13, 29
List the prime factors of 1127.
7, 23
What are the prime factors of 2151?
3, 239
What are the prime factors of 2107?
7, 43
What are the prime factors of 1204?
2, 7, 43
List the prime factors of 800.
2, 5
List the prime factors of 84788.
2, 11, 41, 47
What are the prime factors of 107678?
2, 17, 3167
What are the prime factors of 176294?
2, 181, 487
What are the prime factors of 1339?
13, 103
List the prime factors of 17246.
2, 8623
List the prime factors of 4326.
2, 3, 7, 103
What are the prime factors of 1408?
2, 11
List the prime factors of 3427.
23, 149
What are the prime factors of 28895?
5, 5779
What are the prime factors of 9016?
2, 7, 23
List the prime factors of 3434.
2, 17, 101
List the prime factors of 48756.
2, 3, 17, 239
What are the prime factors of 12769?
113
What are the prime factors of 3242?
2, 1621
What are the prime factors of 14587?
29, 503
List the prime factors of 14766.
2, 3, 23, 107
List the prime factors of 506.
2, 11, 23
What are the prime factors of 227?
227
What are the prime factors of 1380?
2, 3, 5, 23
List the prime factors of 6823.
6823
List the prime factors of 608.
2, 19
List the prime factors of 4035.
3, 5, 269
List the prime factors of 68499.
3, 43, 59
What are the prime factors of 4456?
2, 557
What are the prime factors of 416?
2, 13
What are the prime factors of 31891?
31891
What are the prime factors of 788?
2, 197
What are the prime factors of 1418?
2, 709
List the prime factors of 131677.
7, 13, 1447
What are the prime factors of 52206?
2, 3, 7, 11, 113
What are the prime factors of 44311?
73, 607
What are the prime factors of 1898?
2, 13, 73
List the prime factors of 4305.
3, 5, 7, 41
List the prime factors of 36588.
2, 3, 3049
What are the prime factors of 19480?
2, 5, 487
What are the prime factors of 1409?
1409
What are the prime factors of 297?
3, 11
List the prime factors of 985.
5, 197
List the prime factors of 8635.
5, 11, 157
Wh